st the prime factors of 734099.
719, 1021
What are the prime factors of 1504646?
2, 11, 13, 5261
List the prime factors of 24600685.
5, 23, 213919
What are the prime factors of 253424?
2, 47, 337
What are the prime factors of 479453?
13, 2837
What are the prime factors of 348693?
3, 47, 2473
List the prime factors of 854936.
2, 106867
What are the prime factors of 646331?
7, 92333
What are the prime factors of 19057?
17, 19, 59
List the prime factors of 32199.
3, 10733
What are the prime factors of 8215471?
11, 17, 43933
What are the prime factors of 3118297?
7, 13, 34267
What are the prime factors of 655921?
7, 93703
What are the prime factors of 268031?
109, 2459
What are the prime factors of 1657037?
1657037
List the prime factors of 4865361.
3, 839, 1933
List the prime factors of 12729815.
5, 7, 149, 2441
What are the prime factors of 122630?
2, 5, 12263
List the prime factors of 697905.
3, 5, 13, 1193
List the prime factors of 596941.
596941
What are the prime factors of 131440?
2, 5, 31, 53
List the prime factors of 1341956.
2, 7, 11, 4357
List the prime factors of 89541.
3, 9949
What are the prime factors of 2985733?
2985733
List the prime factors of 36362.
2, 18181
List the prime factors of 37445.
5, 7489
What are the prime factors of 66760?
2, 5, 1669
What are the prime factors of 588680?
2, 5, 14717
List the prime factors of 171433.
251, 683
List the prime factors of 14824678.
2, 11, 5569
What are the prime factors of 866138?
2, 7, 13, 4759
What are the prime factors of 3139796?
2, 11, 71359
What are the prime factors of 3369405?
3, 5, 13, 37, 467
List the prime factors of 259326.
2, 3, 14407
List the prime factors of 3576412.
2, 7, 71, 257
What are the prime factors of 165176?
2, 11, 1877
List the prime factors of 534334.
2, 267167
What are the prime factors of 24431592?
2, 3, 433, 2351
What are the prime factors of 2797924?
2, 43, 16267
What are the prime factors of 11494839?
3, 17, 257, 877
List the prime factors of 4837465.
5, 967493
What are the prime factors of 637637?
7, 11, 13
What are the prime factors of 284810?
2, 5, 19, 1499
What are the prime factors of 747918?
2, 3, 37, 1123
List the prime factors of 107235.
3, 5, 2383
List the prime factors of 3602346.
2, 3, 11, 54581
List the prime factors of 340384.
2, 11, 967
What are the prime factors of 607165?
5, 13, 9341
What are the prime factors of 979621?
19, 47, 1097
What are the prime factors of 43399?
43399
What are the prime factors of 139822?
2, 69911
List the prime factors of 1080361.
937, 1153
What are the prime factors of 393434?
2, 196717
What are the prime factors of 2186098?
2, 17, 113, 569
What are the prime factors of 2671876?
2, 131, 5099
What are the prime factors of 12723620?
2, 5, 7, 13, 6991
List the prime factors of 287377.
193, 1489
What are the prime factors of 14865330?
2, 3, 5, 495511
List the prime factors of 228190.
2, 5, 19, 1201
List the prime factors of 166918.
2, 83459
List the prime factors of 17496779.
2791, 6269
List the prime factors of 236709.
3, 11, 797
List the prime factors of 2814905.
5, 193, 2917
List the prime factors of 788952.
2, 3, 71, 463
List the prime factors of 13626803.
13626803
List the prime factors of 1236318.
2, 3, 37, 5569
List the prime factors of 89195.
5, 17839
List the prime factors of 1124494.
2, 7, 31, 2591
What are the prime factors of 1723850?
2, 5, 23, 1499
List the prime factors of 7799339.
7799339
What are the prime factors of 202003?
79, 2557
List the prime factors of 2319455.
5, 463891
What are the prime factors of 7870663?
1361, 5783
What are the prime factors of 2435418?
2, 3, 135301
What are the prime factors of 5547963?
3, 233, 7937
List the prime factors of 1104778.
2, 31, 103, 173
What are the prime factors of 196320?
2, 3, 5, 409
List the prime factors of 3275848.
2, 271, 1511
List the prime factors of 620047.
53, 11699
List the prime factors of 340741.
127, 2683
What are the prime factors of 88989?
3, 29663
What are the prime factors of 1089073?
23, 47351
List the prime factors of 326234.
2, 163117
What are the prime factors of 691151?
691151
List the prime factors of 190574.
2, 95287
List the prime factors of 285081.
3, 95027
What are the prime factors of 5044872?
2, 3, 7, 30029
What are the prime factors of 87529?
13, 6733
What are the prime factors of 338641?
397, 853
List the prime factors of 270995.
5, 83, 653
What are the prime factors of 1176322?
2, 7, 73, 1151
List the prime factors of 3219850.
2, 5, 71, 907
What are the prime factors of 366167?
366167
List the prime factors of 513403.
11, 4243
What are the prime factors of 2419392?
2, 3, 12601
List the prime factors of 347967.
3, 23, 41
What are the prime factors of 1659140?
2, 5, 7, 1693
List the prime factors of 1433859.
3, 7, 68279
What are the prime factors of 496584?
2, 3, 11, 19
List the prime factors of 2883998.
2, 13, 110923
What are the prime factors of 462635?
5, 67, 1381
What are the prime factors of 2978202?
2, 3, 47, 59, 179
List the prime factors of 241992.
2, 3, 3361
List the prime factors of 625492.
2, 7, 89, 251
List the prime factors of 253842.
2, 3, 42307
List the prime factors of 3269740.
2, 5, 163487
What are the prime factors of 27477?
3, 43, 71
What are the prime factors of 3736601?
11, 30881
What are the prime factors of 4203095?
5, 13, 64663
What are the prime factors of 1336790?
2, 5, 7, 13, 113
What are the prime factors of 2798?
2, 1399
List the prime factors of 2731872.
2, 3, 11, 13, 199
What are the prime factors of 380698?
2, 17, 11197
What are the prime factors of 7247412?
2, 3, 37, 5441
What are the prime factors of 36117845?
5, 73, 98953
List the prime factors of 1151360.
2, 5, 7, 257
List the prime factors of 24082038.
2, 3, 1337891
List the prime factors of 3967360.
2, 5, 6199
What are the prime factors of 2129158?
2, 449, 2371
What are the prime factors of 235017?
3, 26113
List the prime factors of 1020330.
2, 3, 5, 3779
What are the prime factors of 420873?
3, 53, 2647
What are the prime factors of 631764?
2, 3, 7, 23, 109
List the prime factors of 3606040.
2, 5, 17, 5303
What are the prime factors of 808545?
3, 5, 19, 2837
What are the prime factors of 377730?
2, 3, 5, 1399
What are the prime factors of 11332548?
2, 3, 89, 131
List the prime factors of 434654.
2, 11, 23, 859
List the prime factors of 17956969.
829, 21661
List the prime factors of 333738.
2, 3, 18541
What are the prime factors of 756603?
3, 84067
What are the prime factors of 618868?
2, 17, 19, 479
List the prime factors of 5935258.
2, 7, 19, 53, 421
List the prime factors of 2055861.
3, 17, 1493
List the prime factors of 6186.
2, 3, 1031
List the prime factors of 14866867.
191, 277, 281
List the prime factors of 103626.
2, 3, 19, 101
What are the prime factors of 3322363?
11, 31, 9743
List the prime factors of 3347722.
2, 7, 43, 67, 83
List the prime factors of 1614263.
7, 31, 43, 173
What are the prime factors of 15051999?
3, 1277, 3929
List the prime factors of 111462.
2, 3, 13, 1429
List the prime factors of 68139.
3, 67, 113
What are the prime factors of 5064913?
7, 723559
List the prime factors of 1878492.
2, 3, 7, 11, 19, 107
List the prime factors of 857841.
3, 269, 1063
List the prime factors of 724143.
3, 7, 34483
List the prime factors of 11995587.
3, 444281
What are the prime factors of 172497?
3, 13, 4423
List the prime factors of 17264170.
2, 5, 7, 11, 3203
List the prime factors of 15272109.
3, 53, 101, 317
What are the prime factors of 1850206?
2, 925103
What are the prime factors of 1893667?
41, 46187
What are the prime factors of 13191289?
109, 121021
What are the prime factors of 2555563?
1021, 2503
List the prime factors of 342245.
5, 68449
List the prime factors of 564241.
557, 1013
List the prime factors of 213695.
5, 79, 541
What are the prime factors of 263445?
3, 5, 7, 13, 193
What are the prime factors of 805134?
2, 3, 11, 1109
List the prime factors of 2033018.
2, 13, 78193
What are the prime factors of 8350418?
2, 4175209
List the prime factors of 3210767.
7, 43, 10667
What are the prime factors of 3463179?
3, 23, 53, 947
List the prime factors of 2475742.
2, 191, 6481
What are the prime factors of 124389?
3, 17, 271
List the prime factors of 6890539.
6890539
What are the prime factors of 9538252?
2, 877, 27